?
6
Let y be 1 - (-273)/(-3)*-1. Let d = 94 - y. Suppose d*j - 647 + 247 = 0. What is the tens digit of j?
0
Let f = -86 - -88. Suppose 2*a + f*g - 16 = 0, 4*g - 11 = 6*a - 3*a. What is the units digit of (a/(-2))/(2*2/(-72))?
7
Let t(b) = 1 + 6 + 12*b**3 + 4 + 4*b**2 - 12 - 4*b. What is the tens digit of t(3)?
4
Suppose -140644 - 425506 = -10*p. What is the units digit of p?
5
Let g be ((-6)/9)/(6/14283*3). Let u = -208 - g. What is the tens digit of u?
2
Suppose 37*a - 22*a - 770202 = -36*a. What is the ten thousands digit of a?
1
Suppose 433*n - 12399971 - 9621976 = 0. What is the thousands digit of n?
0
Let o(n) = 11 - 29 + 13 + 16*n + 10. What is the tens digit of o(24)?
8
Suppose -25*u + 31840 = -35796 + 886. What is the tens digit of u?
7
What is the tens digit of 330/(-2475) - (-86824)/30?
9
Let c be (-198)/(-45) + (16/10 - 1). Suppose c*m - 770 = -i, 4*i + 3*m = 3*i + 770. Suppose 4*g - 4*s - i = -42, -4*g = s - 733. What is the units digit of g?
3
Suppose -4*y = b - 0*y - 14, -b + y = -4. Suppose -s = -4*s + b. What is the units digit of 3*(312/9)/s?
2
Let w(i) = -i**3 + 42*i**2 - 33*i + 597. What is the units digit of w(37)?
1
Let y be (-12)/48 - (-51)/(-4). What is the tens digit of (-3 - (-5 - -4)) + 5 - y?
1
What is the thousands digit of (54/(-75))/(-9) + (-100048)/(-25)?
4
Let x(u) = -25*u + 11. Let f be x(11). Let h = -169 - f. What is the units digit of h?
5
Suppose 151 - 121 = 5*t. Let s be (0 + t)*(-2 + 4/3). What is the tens digit of s/(-10) + 1629/15?
0
Let i(g) = -329*g**2 - g - 1. Let w be i(-1). Let c = w - -452. What is the hundreds digit of c?
1
Let g = 17 - 16. Let u be -3 + (35/(-20))/(g/4). What is the units digit of 26/4 + u/(-20)?
7
Let s = 1045 + 97. What is the thousands digit of s + ((-30)/(-42) - 2/(-7))?
1
What is the thousands digit of (21/(-9))/((-9)/8505)?
2
Let k(i) be the second derivative of -9*i**3/2 + 69*i**2/2 + 136*i + 1. What is the tens digit of k(-23)?
9
Let g be (-20)/5 + 7 + -5. What is the hundreds digit of 221 + 0 + 5 + g?
2
Let j(h) be the third derivative of 0*h - 11/4*h**4 + 0 - 24*h**2 + 10/3*h**3. What is the hundreds digit of j(-3)?
2
What is the hundreds digit of (-3)/(-1) - (-3)/(-2)*(-358094)/33?
2
What is the hundreds digit of 2*5/((-40)/(-48561)) - (-20)/(-80)?
1
Let i(w) = 24*w - 40*w + 3*w**2 - 37 - 38*w - 4. What is the hundreds digit of i(24)?
3
What is the thousands digit of 6/(-27) + 5293974/378?
4
Suppose 136*z = a + 140*z - 6521, -3*a = -z - 19511. What is the hundreds digit of a?
5
Suppose -8*t + 22 = 6. Suppose -2*a - t*n - 2 = 0, -4*a + 2*n + 11 = 3*n. What is the units digit of 1/(a/228) - -4?
1
Suppose 35*d = 47*d + 36. What is the tens digit of (-17192)/112*(d + 1)?
0
Let b be 6/(-10) - ((-146)/(-5))/(-2). Let r(v) = 14*v - 18. Let k be r(b). Suppose k = 2*q + 66. What is the tens digit of q?
5
What is the thousands digit of (7/1 - -1757) + 2*(-5)/(-2)?
1
Suppose 0 = 4*a - 8, -8*q = -3*q + 5*a - 215. Let b = q + -41. What is the units digit of -7*(-4*1 - (b - 3))?
7
Let q = 1931 - 1933. Suppose -2*y + s + 0*s + 25 = 0, -5*s = -2*y + 29. What is the tens digit of (y/(-18))/(q/105)?
3
Let c be (-1 - -2)*0/5. Suppose 3*y - 3*z - 1167 = -c*z, 0 = 3*z - 6. What is the units digit of y?
1
Let q(r) = 15*r - 2 - 2*r - 2*r - 3. Suppose 6*y + 41 = 5*o + 2*y, -2*o = -3*y - 15. What is the tens digit of q(o)?
9
What is the tens digit of 6/4*((-9)/(-12) - 125147686/(-2424))?
4
What is the hundreds digit of (-4 - (-4 - -3)) + 1713 + -8?
7
Let u be (59 - 53)/((-1)/(-19)). Suppose 121*i - u*i = 10703. What is the hundreds digit of i?
5
Let z(c) = 736*c + 2262. What is the thousands digit of z(35)?
8
Let r be (5 - 1)*(-3)/(-4). Let a be r/(-5 + -4)*-9. What is the units digit of (-34)/a*(-48)/32?
7
Suppose -22*b = -24*b - 138. Let f = b + 107. Suppose -f*v = -41*v + 390. What is the tens digit of v?
3
Let b = -443 + 117. Let r = 80 - b. What is the units digit of r?
6
Suppose -11916 = -3*q + 4*g, 7*g + 12 = 11*g. What is the units digit of q?
6
Let f = 199 - 157. Suppose -50*g + f*g = -4280. What is the hundreds digit of g?
5
Suppose 0 = h - 2*u - 54, -5*h - 2*u + 255 = -7*u. What is the units digit of (-4)/h*-4*1065?
5
Suppose -4*k + 14090 = -22210. What is the thousands digit of k?
9
Suppose 97*h + 16*h = 3420962. What is the tens digit of h?
7
Let s = 1073 + -515. Let p = -353 + s. What is the hundreds digit of p?
2
Let m(l) = -l**3 + 5*l**2 - 12*l + 15. Let x be m(3). What is the hundreds digit of 4/(156/13) + (-2288)/x?
7
Suppose 147050 = 5*j + 5*c, -2*c - 255 = -243. What is the ten thousands digit of j?
2
Suppose -4973 - 14008 = -3*h - 4*a, -a = h - 6326. What is the units digit of h?
3
Let f(g) = 15*g**2 + g + 34132. What is the units digit of f(0)?
2
Suppose -11*m = -26*m + 12735. Let d = -604 + m. What is the tens digit of d?
4
Suppose 8*q - 14586 = 38846. What is the tens digit of q?
7
Let f be -6 - (-6 + 8 + -99). Suppose -f = -17*v + 96. What is the units digit of v?
1
Let l be 0/(2 + -1) + 80. Suppose 3*c + 105 = -4*d, 5*c + 22*d = 23*d - 152. Let s = l - c. What is the tens digit of s?
1
Let t(s) = 4*s**3 + 20*s**2 + 25*s - 542. What is the hundreds digit of t(10)?
7
Suppose 6*y - 241 = -163. Suppose -14*q + 379 = -y*q. What is the hundreds digit of q?
3
Let z = 67389 + -35355. What is the tens digit of z?
3
What is the ten thousands digit of -12*3*7964/(-18)?
1
Let f(q) = 227*q**3 + 3*q**2 - 3*q + 2. What is the thousands digit of f(2)?
1
Let s be 70/(-30)*3*46608/(-14). Suppose 19*p = -7021 + s. What is the units digit of p?
7
Let s = 50505 - 12430. What is the tens digit of s?
7
Suppose 538*v + 21266 = 540*v. Suppose 178 + v = 19*q. What is the units digit of q?
9
Suppose -2 - 3 = -3*g - w, 4*w + 4 = 0. Suppose 0 = l - 5, 3*i + 16 = -g*l + 7*l. Suppose -i*u - 38 = -515. What is the tens digit of u?
5
Suppose -43*i + 10 = -38*i, i + 25264 = 2*h. What is the tens digit of h?
3
Let o(b) = 134*b**3 + 2*b**2 - b - 2. Suppose -15 = 3*n, -2*i + i + 2*n = -11. What is the units digit of o(i)?
3
Suppose -3*u + 37188 = 3*q, 15*u - 3*q = 16*u - 12410. What is the ten thousands digit of u?
1
Let b(v) = 27*v + v**2 + 3 - 2*v**3 - 24*v - 3*v**2. Let k be b(-2). Suppose 3*u + 0*u - 272 = k*i, 2*u = i + 193. What is the tens digit of u?
9
Suppose -4*k + y + 20 = 0, k - 5 = -19*y + 24*y. Suppose -829 = -4*p - k*g, 0*p + 211 = p + 2*g. What is the tens digit of p?
0
What is the units digit of 13034 + (130/(-10) - -25)?
6
Suppose 217*m - 176084 = 995065. What is the hundreds digit of m?
3
Let z = -146 - -216. Suppose -5*x - 3*n = 88, 4*n = 3*x + 16 + 31. Let s = x + z. What is the tens digit of s?
5
Let c(b) = 5607*b + 140. Let m be c(5). Suppose -6*t - 19*t + m = 0. What is the hundreds digit of t?
1
Let y(d) be the third derivative of d**6/120 - 3*d**5/10 - d**4/2 + 11*d**3 + 46*d**2. What is the hundreds digit of y(20)?
6
Suppose 2*q - 3381 = 5*q - 2*z, 3*q + 4*z + 3381 = 0. Suppose -275*l = -276*l - 9. What is the hundreds digit of q/(-9) + l/(324/8)?
1
What is the tens digit of (30216/(-120)*(-5)/(-4))/((-3)/156)?
6
Suppose -2*u + 5*k = -17618, -6*u + u + 44068 = -k. What is the tens digit of u?
1
Suppose 27 - 379 = -4*v. Let y = v - 83. Suppose -y*g - 3*s + 532 = 0, 0 = -2*g + 4*s + 148 + 44. What is the tens digit of g?
0
Let d be 1 + ((-45)/(-30) - 11/(-2)). Suppose -4*u + d*u - 308 = 0. Suppose -397 = -5*j - u. What is the units digit of j?
4
Suppose -15*c = -20*c + 10, 4*c = -5*f + 33. Suppose -y = -f*a - 1025, -2*a + 3*a = 5*y - 5149. What is the thousands digit of y?
1
Let z(o) = 14*o - 45. Let d(x) = x**2 - x - 10. Let b be d(-5). What is the tens digit of z(b)?
3
Let a(b) = 120*b + 4. Let g be a(2). Let o = 343 - g. Suppose -2*y + o = -23. What is the units digit of y?
1
Let c = 1066 + -462. What is the units digit of (10 - 4)/(8/c)?
3
Suppose 15*n + 2097 + 3738 = 0. What is the hundreds digit of (n - -11)*(-2 - 1/(-2))?
5
Let h = 546 + -544. Suppose 5*q + 15 = 0, 18*v = 15*v + h*q + 996. What is the hundreds digit of v?
3
What is the tens digit of (-1120030)/(-248)*(-16)/(-10)?
2
Suppose -c + u - 8*u = -25882, 2*c + 2*u = 51788. What is the hundreds digit of c?
8
Suppose -8*g = 2 - 26. Suppose 5*j - 703 = -2*n, 0 = -5*n + g*j + 2*j + 1705. What is the tens digit o